+ 44 + 12. Suppose 7*f - 10*f = -45. Calculate the remainder when d is divided by (24/f)/(1/10).
12
Suppose 2*g = 6, 3*w + 8*g - 3*g - 813 = 0. Calculate the remainder when w is divided by 67.
65
Suppose -2*d - 2 - 4 = 3*g, -4 = 2*d + 2*g. Suppose -o - 1 = -a, -o - 5 = -3*a - d*o. Calculate the remainder when ((-43)/2)/(a/(-4)) is divided by 11.
10
Suppose 0 = 12*o - 24*o + 672. Calculate the remainder when o is divided by 30.
26
Let y = 466 - 457. Let z(i) = i**3 - 3*i + 2. Calculate the remainder when y is divided by z(2).
1
Suppose 14*d = -15*d + 551. Let u(s) = 90*s**2 + 1. Calculate the remainder when u(1) is divided by d.
15
Let z(a) = -14*a + 606. Calculate the remainder when 50 is divided by z(42).
14
Let p(c) = -2*c + 2. Let y be p(-3). Suppose -3*d - 12 = a, 22 = -3*a + 2*a - 5*d. Suppose 0 = f + a*f - y. What is the remainder when f is divided by 2?
0
What is the remainder when 302 is divided by 56/14 - -17*2?
36
What is the remainder when 39 is divided by 42/8*(-1)/((-2)/8)?
18
Let c(l) = 14*l**2 + l + 1. Calculate the remainder when 2981/55 + (-56)/(-20) + -3 is divided by c(-1).
12
Calculate the remainder when 917 is divided by 51/((8/(-48))/(4/(-36))).
33
Let y = -169 + 253. Calculate the remainder when 251 is divided by y.
83
Suppose 12 = 5*y - 4*y. Let j(u) = -6*u - 5*u - u - 7 + 2*u. What is the remainder when j(-3) is divided by y?
11
Let k(s) = -7*s**3 - 6*s**2 + s + 7. Calculate the remainder when 330 is divided by k(-2).
34
Let x = -835 - -883. What is the remainder when 1006 is divided by x?
46
Suppose -37 - 17 = -m. Let y(b) = 13*b**2 + 5*b - 4. Calculate the remainder when m is divided by y(1).
12
Suppose 71*c - 1280 = 63*c. Calculate the remainder when c is divided by 23.
22
Let d(w) = -5*w**3 - w**2 + 3*w. Suppose -200*p + 380 = -365*p + 184*p. What is the remainder when d(-3) is divided by p?
17
Let a(j) = j**3 + 4*j**2 - 58*j + 27. What is the remainder when 71 is divided by a(6)?
32
Let h = 19 + -3. Let d = -14 - -20. What is the remainder when h is divided by d?
4
Let w(q) = 10*q**3 + q - 2. Calculate the remainder when 1286 is divided by w(1).
8
Let l be 100*(-6)/(-4)*6/18. Suppose -46*y = -l*y + 96. Calculate the remainder when 0 + 45 - (0 + 0) is divided by y.
21
Suppose -h = -3 + 1. Suppose 2*u + 114 = h*t - 0*u, 0 = -t - 4*u + 37. What is the remainder when t is divided by 15?
8
Suppose -c = 4*h - 22, h = -2 + 1. Suppose 6*d - c = 34. Calculate the remainder when 29 is divided by d.
9
Suppose b = -6 + 8. What is the remainder when 127 is divided by b?
1
Let m(h) = -5 - 70*h + h**3 + h**2 + 8 + 66*h. Let q(w) = w**3 + 5*w**2 - w + 5. What is the remainder when m(3) is divided by q(-5)?
7
Suppose 5 = 10*o - 45. Suppose 0 = o*r - y - 748 - 158, -5*r + 903 = 2*y. What is the remainder when r is divided by 13?
12
Let o(l) = 3*l - 7. Let z be o(3). Suppose 95 = 5*w + z*q - 81, 2*w = -2*q + 74. Calculate the remainder when 133 is divided by w.
31
Let y(o) = -22*o - 162. Calculate the remainder when 170 is divided by y(-11).
10
Let c = -4 + 22. Let t = c + 0. What is the remainder when t is divided by 11?
7
Let o be 0/(0 - (3 + -2)) - 3. Let t be 1/(-2) - 122/(-4). Let x = t + o. Calculate the remainder when x is divided by 14.
13
Let o = 43 + -7. Calculate the remainder when 46/11 - o/198 is divided by 2.
0
Let h(o) = o**2 - 25*o + 137. What is the remainder when 475 is divided by h(20)?
31
Suppose 0 = -8*w + 505 + 679. Suppose 0 = u - w + 101. Calculate the remainder when u is divided by 16.
15
Suppose 0 = t - 4*t + 81. Let v(w) = 11*w**2 - 18*w**2 + 2 + 9*w**2. Calculate the remainder when v(5) is divided by t.
25
Let c(q) = 3*q**2 + q - 2. Let h(a) = 2*a**2 + 2*a - 3. Let t(l) = 4*c(l) - 3*h(l). What is the remainder when t(4) is divided by 23?
20
Let i = 40 - 8. Let w(o) = o**2 + 8*o. Let d be w(-9). Let a(v) = v**3 - 9*v**2 + 2*v - 11. Calculate the remainder when i is divided by a(d).
4
Let t(c) = 4 - c**2 + 7 - 14*c + 0*c**2. Calculate the remainder when 31 is divided by t(-14).
9
Let a = 7845 - 7823. Calculate the remainder when (-2)/(-5) - (-213)/5 is divided by a.
21
Let s(g) = 56*g**2 - 27*g**2 + 36 - 30*g**2 + 7*g. Calculate the remainder when s(10) is divided by 1.
0
Suppose 11*i - 121 = 33. Suppose -5*v + 8 + 0 = 3*h, -3*v = h + 4. Calculate the remainder when i is divided by h.
3
Let l(d) = -13*d**2 - 29*d + 25. Let s(h) = 7*h**2 + 15*h - 13. Let i(c) = 6*l(c) + 11*s(c). Calculate the remainder when 83 is divided by i(-7).
20
Suppose -32*o + 35*o = 297. What is the remainder when o is divided by 14?
1
Suppose -3*x - 8 = -32. Let k = x + 19. Calculate the remainder when k is divided by 11.
5
Let l = 282 - 265. Suppose r = 2*u - 1, 1 = 3*u - 3*r - 2. Suppose a + u*d - 34 = -d, 0 = -a + 3*d + 26. What is the remainder when a is divided by l?
15
Suppose -5*i + 36 = -i - 4*j, 5*j = -15. Suppose 5*x = -2*r + i*x + 73, 87 = 3*r + 3*x. What is the remainder when 96 is divided by r?
28
Suppose -f + 0*f = -4. Let o(l) = -3*l + 1. Let n be o(f). Let s = 28 + n. What is the remainder when s is divided by 9?
8
Suppose 3*a - 5 = 2*a. Suppose -3*z + 5 + 25 = 2*c, -a*z + 25 = -5*c. Let y(p) = p**3 - 9*p**2 + 12*p - 10. Calculate the remainder when 87 is divided by y(z).
21
Suppose -5*l = -33 - 22. Suppose 0 = 10*k - l*k + 6. Suppose 26 = 4*m - k. Calculate the remainder when 29 is divided by m.
5
Suppose 4*q + 0*y = -2*y + 154, 3*y - 108 = -3*q. Calculate the remainder when 4*3/12*q is divided by 11.
8
Let t(m) = -2*m**3 + m**2 - m + 2. Let z be t(-4). Let f = -103 + z. Let k(j) = -24*j**3 - j. Calculate the remainder when f is divided by k(-1).
22
Suppose 2*l = t - 19 - 29, -4*t + 4*l = -188. What is the remainder when t is divided by 16?
14
Suppose -v = 3*v + 5*p - 28, -4*p = -16. What is the remainder when 7 is divided by v?
1
Let s(v) = v**3 + v + 4. Let w be s(0). What is the remainder when 262 is divided by 11*5 + (-8)/(16/w)?
50
Suppose -86 = 9*b - 302. What is the remainder when b is divided by 15?
9
Suppose 24 - 16 = -4*a. What is the remainder when (36/(-5) - 2)/(a/10) is divided by 16?
14
Suppose -3*u = -2*x - 0*x - 2, -5*x + 4 = -3*u. Suppose -49 = -5*d + 26. Calculate the remainder when d is divided by x.
1
Let c be (-15)/(-20) + 4239/12 + -2. Suppose 0 = -3*p + c - 64. What is the remainder when p is divided by 9?
6
Let s(p) = p**3 - 4*p**2 - 5*p + 3. Let w be s(5). Suppose -w*o - 13 = -4*o. Let l(v) = v**2 + 9*v + 21. Calculate the remainder when o is divided by l(-7).
6
Suppose 5*v = 91 - 21. Let d be 6/9 + 4/(24/14). Suppose -2*m + 85 = d*i, 3*m + 3*i = -m + 161. What is the remainder when m is divided by v?
10
Suppose 4*b = z + 71, -11 = -17*b + 16*b - 2*z. Calculate the remainder when (-130)/(-4) + 2/(-4) is divided by b.
15
Let j(o) = o**3 - o + 11. Let r(v) = -6*v**2 + 2*v - 3. Let d be r(2). Let b = d + 23. What is the remainder when 75 is divided by j(b)?
9
Let h = 10 + -7. Suppose 2*g - p - 33 = 4*p, -7 = -h*g - p. Suppose -11*n = -10*n - 11. Calculate the remainder when n is divided by g.
3
Let k(b) = 193*b**3 + 2*b**2 - 2*b + 1. Let h be (-2 + (4 - 3))/(-1). What is the remainder when k(h) is divided by 39?
38
Let t(u) = -32*u + 7. Let z = -29 - -23. Let d be t(z). Let q = d + -101. Calculate the remainder when q is divided by 25.
23
Suppose h = 4*k - 3326, -7*k + 4*h - 2504 = -10*k. Calculate the remainder when k is divided by 49.
48
Let s = 29 - 42. Let k = -31 - s. Let w = k + 34. Calculate the remainder when 46 is divided by w.
14
Let w(r) = 2*r + 5. Suppose t - 30 = 5*s + 3*t, 5*s + t + 25 = 0. Calculate the remainder when (s/6)/(21/(-2583)) is divided by w(6).
14
Suppose 12 = -6*r + 10*r, 4*g + 3*r - 17 = 0. Let a be (-1)/(-3) - 16/(-6). Suppose 6 = -a*s + 4*s. Calculate the remainder when s is divided by g.
0
Suppose -187 = -24*s + 581. Let h = -3 + 12. Calculate the remainder when s is divided by h.
5
Let l(f) = -f. Let s be l(-5). Suppose z = -4*p + 15, 3*z + 39 + 1 = s*p. Calculate the remainder when 13 is divided by p.
3
Let m(z) = -2*z + 45. Calculate the remainder when 117 is divided by m(15).
12
Let i = 3 + 0. Suppose 3*n = -1 + 7. Calculate the remainder when i/(-2)*60/(-45) is divided by n.
0
Let v be -1*-2*12/8. Suppose -20 = v*x - 104. Calculate the remainder when x i